t l(t) be the first derivative of t**4/4 + 2*t**3/3 - 7*t**2/2 - 6*t - 1. Let a be l(-5). Let o = 81 + a. What is the highest common divisor of o and 7?
7
Let w be 3272/(-14) - (-4)/(-14). Let d be 1/(8/w)*-4. Calculate the highest common factor of 13 and d.
13
Suppose -4*k = -18 - 10. What is the greatest common divisor of 63 and k?
7
Let u be (16/5)/((-14)/(-735)). What is the highest common factor of 21 and u?
21
Let d(t) = 2*t**3 - t**2 - 2*t - 1. Let v be d(2). Let y(o) = 2*o**2 + 2*o - 11 + 0*o - 9 + 8. Let s be y(-5). What is the greatest common divisor of v and s?
7
Suppose 0 = 3*p + 20 - 449. Suppose -6*d + 4*x = -d - 53, -4*x = -12. Calculate the highest common divisor of p and d.
13
Let s be (2/(-4))/(2/(-20)). Calculate the greatest common factor of s and 55.
5
Suppose 69 = 2*q - 61. Calculate the highest common divisor of q and 26.
13
Let o = 5 - 7. Let z be 1158/24 - o/(-8). Calculate the highest common divisor of z and 6.
6
Let g = -11 - -14. Suppose g*w + 2*w = 120. What is the greatest common divisor of w and 8?
8
Suppose -f + 4*t = 15, -t - 4*t = -20. Let d be (-1 - 1)*f + 5. Let p = -40 + 64. Calculate the highest common divisor of d and p.
3
Let w = 12 + -9. Suppose -7*j + 12 = -w*j. Calculate the greatest common divisor of 3 and j.
3
Let a = 50 - 20. Calculate the highest common factor of a and 6.
6
Let z = 27 - 9. Suppose -4*k = -2*h - 3*k - 11, -3*k = -5*h - 29. Let i be 19/((-4)/h) + -1. Calculate the highest common divisor of z and i.
18
Let c(v) = 5 - 8*v - 2 - 7*v. Let w be c(-4). What is the greatest common divisor of 9 and w?
9
Suppose 40 - 32 = 4*f. Let z(t) = 2*t**2 - 7*t + 4. Let h(s) = -s**2 + 4. Let v be h(0). Let u be z(v). What is the greatest common divisor of u and f?
2
Suppose 5*z + 5*f = -5, -3*z + 11 = -3*f + 2. Calculate the greatest common factor of z and 8.
1
Let n be (-1149)/(-12) - 1/(-4). Suppose j + j = n. What is the greatest common factor of j and 6?
6
Let c(p) = -p + 5. Let r be c(12). Let s be (-10 - 1)*(r - -6). Calculate the greatest common divisor of 11 and s.
11
Let p = 126 - 76. Calculate the greatest common factor of 10 and p.
10
Let a be ((-12)/7)/(2/(-14)). What is the highest common divisor of 84 and a?
12
Suppose -4 = -2*d, -4*q + 574 + 684 = -d. Let g be (-4)/(0 + (-6)/q). What is the highest common factor of 30 and g?
30
Suppose 0*u + 3*u - 4*k = 131, 3*k + 177 = 4*u. Calculate the highest common divisor of u and 15.
15
Let n = -24 - -15. Let j be ((-114)/n)/(6/9). What is the greatest common divisor of j and 57?
19
Let w(k) = k**2 + 8 + 3*k**2 - 8*k**2 + k**3 + 10*k - 7*k**2. Let m be w(10). Calculate the highest common factor of m and 8.
8
Let z(g) = 2*g**3 + g**2 + 3*g - 2. Let h be z(2). Calculate the greatest common divisor of 36 and h.
12
Suppose -2*j + 6 = 4*w - 4*j, 12 = -w - 4*j. Suppose -2*k + 39 + 71 = w. What is the greatest common factor of 22 and k?
11
Let s = 5 - 2. Suppose 0 = s*z + n - 168, 0 = -3*z + 4*n + 238 - 70. Suppose -5*j + 3*w + 364 = 4*w, j = 4*w + z. What is the highest common factor of 9 and j?
9
Suppose -n - 3*n = -560. Calculate the greatest common factor of n and 56.
28
Let f be (4 - (12 + -2))/(-1). Let m = -1 + 0. Let s = 10 + m. What is the highest common divisor of f and s?
3
Suppose 2*q + 2 - 22 = 0. Suppose 7*i - 94 = 3*i + 2*m, 2*m - 50 = -2*i. Let c = i - 14. Calculate the highest common factor of q and c.
10
Let l = 11 + -6. Suppose 5*g - 3*g - 2 = h, -10 = l*h. Suppose -5*m = -4*m + 3*o - 23, g = -5*m - 2*o + 167. What is the greatest common factor of 5 and m?
5
Let l(d) = -d**2 - 7*d. Let v be l(-7). Suppose 0 = -v*p + p - 6. Suppose -240 = 3*o - p*o. What is the highest common divisor of o and 20?
20
Let a(w) = -3*w - 6. Let l be a(-6). Calculate the greatest common divisor of 12 and l.
12
Suppose x - 5 = -0*b - 4*b, 80 = 4*x + b. Calculate the greatest common factor of x and 63.
21
Suppose -369 + 117 = -4*b. Suppose 3*y - 31 = f, -f - 3*f = -y + 25. Calculate the highest common factor of b and y.
9
Let g be 2/(-3) + (-146)/(-3). Let l = -160 - -232. What is the highest common divisor of g and l?
24
Suppose 3*y = 4*c + 35, -c = y + 3*y - 15. Let g be -3 - y/((-5)/38). What is the highest common factor of g and 7?
7
Suppose 5*q - 32 = -132. Let i = 21 + q. What is the greatest common factor of 1 and i?
1
Let s = -2 - -5. What is the highest common divisor of s and 1?
1
Let p be ((-1)/3)/((-1)/9). Let y = 79 - 64. What is the greatest common divisor of y and p?
3
Let a(b) = -6*b + 3. Let f be a(-3). What is the highest common divisor of 14 and f?
7
Suppose g + 0*r = -4*r - 4, 5*r = -g - 6. Let o = 5 - 8. Let d = 5 - o. What is the highest common factor of d and g?
4
Let y be (-9*6)/(-1) + 1. Calculate the highest common divisor of 5 and y.
5
Let q(r) = 3*r + 2*r + 6 - 2*r - 2*r. Let g be q(-5). Calculate the highest common divisor of 2 and g.
1
Let o = -6 - -8. Let m = o - -1. Let y = m + 11. Calculate the greatest common factor of y and 42.
14
Suppose -s + 0*s = f, -4*s = -5*f + 9. Let i be f/2*2*31. Suppose 2*y + 28 = 4*u, 0 = -4*u - 5*y + i + 11. Calculate the greatest common factor of u and 8.
8
Suppose -4*z + 648 = -0*z. What is the highest common divisor of 18 and z?
18
Let z(n) = -n**2 - 17*n + 2. Let q be z(-17). Suppose 275 = 7*x - q*x. Suppose -2*b = -6*b + 44. What is the greatest common factor of b and x?
11
Let o be 1/3 + (-60)/(-9). What is the highest common factor of o and 7?
7
Suppose 3*m + 5*d = 1121, 0 = -m - 4*d + 5*d + 387. Suppose -i - k = -127, -3*i - 3*k = -k - m. What is the greatest common factor of 16 and i?
16
Let y be 1/(-6) + (4 - (-795)/18). Let x be -1*1/((-2)/(-16)). Let h = x + 14. Calculate the highest common factor of h and y.
6
Let k(o) = -288*o**2 + 17. Let j(z) = 3 - 9 + 127*z**2 - 31*z**2. Let q(l) = -17*j(l) - 6*k(l). Let i be q(-1). What is the greatest common divisor of i and 12?
12
Suppose -3*z = -5*h - 7, 0 = 2*h - 0*h - 2. Suppose 3*g - 12 = -g. Suppose 4*b - 20 = 0, -g*j - 2*j + 3*b = 10. What is the highest common factor of j and z?
1
Let o = -32 + 41. What is the greatest common factor of 72 and o?
9
Let u = 0 - -5. Suppose u*q + z + 2*z = 197, 4*q - z - 161 = 0. What is the highest common divisor of q and 4?
4
Suppose 0 = 10*w - 22*w + 72. Calculate the highest common divisor of 6 and w.
6
Let q(h) = -52*h + 2. Let z be q(-1). What is the highest common factor of z and 81?
27
Let o(l) = -2*l - 1. Let i be o(-3). Suppose -u = 5*k - 104, i*u + 26 = 2*k + 6. Suppose -12 = -3*s - 0*s. Calculate the greatest common divisor of s and k.
4
Let o = 2 - -1. Let p be -1*(-2 - 2) + -2. What is the greatest common factor of p and o?
1
Suppose -z - 3 = -4. What is the highest common factor of 2 and z?
1
Let w(t) = -t**2 - 10*t - 8. Let h be w(-7). What is the highest common divisor of 104 and h?
13
Let b = 18 - 5. Let s(z) = z**2 - 11*z + 19. Let f be s(b). What is the greatest common factor of f and 30?
15
Let n = -2 - -26. Let r = 40 - n. Calculate the greatest common factor of r and 144.
16
Suppose -c + 182 = 6*c. Calculate the highest common divisor of c and 78.
26
Let v = 0 + 2. Let g(j) = -2 - 3 + 16 - j. Let l be g(6). What is the highest common factor of v and l?
1
Let n be -1*4*(-15)/10. Let u(p) = -p**3 + 8*p**2 + 2*p + 3. Let j be u(7). Calculate the highest common factor of n and j.
6
Let j = -64 + 80. What is the greatest common factor of 16 and j?
16
Let q(n) = -n**3 - 8*n**2 - 2*n. Let s(z) = -z**2 - 12*z + 5. Let l be s(-13). Let u be q(l). Calculate the greatest common factor of 128 and u.
16
Let t be 56/2 + (-15 - -15). What is the greatest common factor of t and 4?
4
Suppose 4*w + s - 276 = -3*s, 2*w - 138 = 5*s. Let z = -34 + w. Suppose 15 = -3*y, -n - 5*y = 5 + 13. Calculate the highest common factor of z and n.
7
Let k(d) = 4*d**2 - d. Let z be k(2). What is the greatest common factor of z and 35?
7
Let f(k) = k - 5. Let v = -6 + 19. Let p be f(v). What is the greatest common factor of p and 8?
8
Suppose 74 = 3*s + 4*c - 14, 83 = 3*s - c. What is the highest common factor of 14 and s?
14
Let h = -1 - -3. Suppose -6 = 3*o, -h*k + 0*k = -o + 18. Let v = k - -16. What is the highest common factor of 6 and v?
6
Let p = -93 - -138. Let h = -64 - -73. Calculate the greatest common di